{"id":21,"date":"2026-02-09T17:04:06","date_gmt":"2026-02-09T17:04:06","guid":{"rendered":"https:\/\/gimnaziala3rasnov.ro\/?page_id=21"},"modified":"2026-02-09T17:58:10","modified_gmt":"2026-02-09T17:58:10","slug":"domenii","status":"publish","type":"page","link":"https:\/\/gimnaziala3rasnov.ro\/index.php\/domenii\/","title":{"rendered":"Domenii"},"content":{"rendered":"<h2><a href=\"https:\/\/liceulrasnov.rdsbv.ro\/wordpress\/wp-content\/uploads\/2025\/10\/Componenta-Consiliului-de-Administratie-pentru-anul-scolar-2025-2026.docx\" target=\"_blank\" rel=\"noopener\">Componen\u021ba Consiliului de Administra\u021bie \u2013 pentru anul \u0219colar 2025-2026<\/a><\/h2>\n<ol>\n<li>\n<h2>Atribu\u021bii<\/h2>\n<\/li>\n<li>\n<h2>Tematic\u0103<\/h2>\n<\/li>\n<li>\n<h2>Hot\u0103r\u00e2ri<\/h2>\n<\/li>\n<li>\n<h2><a href=\"https:\/\/gimnaziala3rasnov.ro\/wp-content\/uploads\/2026\/02\/OM-6223-CA.pdf\">OM-6223-CA<\/a><\/h2>\n<\/li>\n<\/ol>\n","protected":false},"excerpt":{"rendered":"<p>Componen\u021ba Consiliului de Administra\u021bie \u2013 pentru anul \u0219colar 2025-2026 Atribu\u021bii Tematic\u0103 Hot\u0103r\u00e2ri OM-6223-CA<\/p>\n","protected":false},"author":1,"featured_media":0,"parent":0,"menu_order":0,"comment_status":"closed","ping_status":"closed","template":"","meta":{"footnotes":""},"class_list":["post-21","page","type-page","status-publish","hentry"],"_links":{"self":[{"href":"https:\/\/gimnaziala3rasnov.ro\/index.php\/wp-json\/wp\/v2\/pages\/21","targetHints":{"allow":["GET"]}}],"collection":[{"href":"https:\/\/gimnaziala3rasnov.ro\/index.php\/wp-json\/wp\/v2\/pages"}],"about":[{"href":"https:\/\/gimnaziala3rasnov.ro\/index.php\/wp-json\/wp\/v2\/types\/page"}],"author":[{"embeddable":true,"href":"https:\/\/gimnaziala3rasnov.ro\/index.php\/wp-json\/wp\/v2\/users\/1"}],"replies":[{"embeddable":true,"href":"https:\/\/gimnaziala3rasnov.ro\/index.php\/wp-json\/wp\/v2\/comments?post=21"}],"version-history":[{"count":4,"href":"https:\/\/gimnaziala3rasnov.ro\/index.php\/wp-json\/wp\/v2\/pages\/21\/revisions"}],"predecessor-version":[{"id":58,"href":"https:\/\/gimnaziala3rasnov.ro\/index.php\/wp-json\/wp\/v2\/pages\/21\/revisions\/58"}],"wp:attachment":[{"href":"https:\/\/gimnaziala3rasnov.ro\/index.php\/wp-json\/wp\/v2\/media?parent=21"}],"curies":[{"name":"wp","href":"https:\/\/api.w.org\/{rel}","templated":true}]}}