{"id":23,"date":"2026-02-09T17:07:26","date_gmt":"2026-02-09T17:07:26","guid":{"rendered":"https:\/\/gimnaziala3rasnov.ro\/?page_id=23"},"modified":"2026-02-10T18:06:29","modified_gmt":"2026-02-10T18:06:29","slug":"legislatie","status":"publish","type":"page","link":"https:\/\/gimnaziala3rasnov.ro\/index.php\/legislatie\/","title":{"rendered":"Legisla\u021bie"},"content":{"rendered":"<p class=\"has-text-align-center\"><strong>\ud83c\udf93 Liceul tehnologic R\u00e2\u0219nov este partener educa\u021bional \u00een evenimentul Cambridge Week!<\/strong><\/p>\n<p>Suntem \u00eenc\u00e2nta\u021bi s\u0103 anun\u021b\u0103m parteneriatul nostru cu Twinkle Star \u2013 Cambridge English Educational Partner, \u00een cadrul evenimentului CAMBRIDGE WEEK, o serie de webinarii interactive \u0219i gratuite, dedicate elevilor, p\u0103rin\u021bilor \u0219i profesorilor interesa\u021bi de examenele Cambridge English.@Twinkle Star<\/p>\n<p>\u2b50 O lume plin\u0103 de oportunit\u0103\u021bi \u00eencepe cu un certificat Cambridge!<\/p>\n<p>\u00cen perioada 10\u201314 noiembrie , \u00een fiecare sear\u0103 \u00eentre 19:00\u201320:15 , vei avea ocazia s\u0103 descoperi:<br \/>\n\u2705 Ce tipuri de examene Cambridge exist\u0103 \u0219i cui se adreseaz\u0103<br \/>\n\u2705 Cum te po\u021bi preg\u0103ti eficient, ce resurse ai la dispozi\u021bie<br \/>\n\u2705 Ce beneficii \u00ee\u021bi aduc certificatele Cambridge \u00een carier\u0103 \u0219i educa\u021bie<br \/>\n\u2705 Cum sunt echivalate examenele Cambridge \u00een sistemul educa\u021bional din Rom\u00e2nia<br \/>\n\u2705 R\u0103spunsuri la cele mai frecvente \u00eentreb\u0103ri despre examenele Cambridge<\/p>\n<p>\ud83d\udc69\u200d\ud83c\udfeb Invita\u021bi speciali:<br \/>\nAniella Bu\u0219il\u0103, reprezentant Cambridge University Press &amp; Assessment, \u0219i profesorii Twinkle Star, care vor r\u0103spunde LIVE la toate \u00eentreb\u0103rile participan\u021bilor.<\/p>\n<p>\ud83d\udccc Rezerv\u0103-\u021bi locul acum \u0219i f\u0103 primul pas spre un viitor interna\u021bional:<br \/>\n\ud83d\udc49 <a href=\"http:\/\/bit.ly\/cambridge-week\" data-type=\"link\" data-id=\"bit.ly\/cambridge-week\">bit.ly\/cambridge-week<\/a><\/p>\n<p>\u2728 Te a\u0219tept\u0103m online, al\u0103turi de sute de participan\u021bi interesa\u021bi de examenele Cambridge. Hai s\u0103 descoperim \u00eempreun\u0103 cum certificarea Cambridge poate deveni cheia succesului!<\/p>\n","protected":false},"excerpt":{"rendered":"<p>\ud83c\udf93 Liceul tehnologic R\u00e2\u0219nov este partener educa\u021bional \u00een evenimentul Cambridge Week! Suntem \u00eenc\u00e2nta\u021bi s\u0103 anun\u021b\u0103m parteneriatul nostru cu Twinkle Star &hellip; <\/p>\n","protected":false},"author":1,"featured_media":0,"parent":0,"menu_order":0,"comment_status":"closed","ping_status":"closed","template":"","meta":{"footnotes":""},"class_list":["post-23","page","type-page","status-publish","hentry"],"_links":{"self":[{"href":"https:\/\/gimnaziala3rasnov.ro\/index.php\/wp-json\/wp\/v2\/pages\/23","targetHints":{"allow":["GET"]}}],"collection":[{"href":"https:\/\/gimnaziala3rasnov.ro\/index.php\/wp-json\/wp\/v2\/pages"}],"about":[{"href":"https:\/\/gimnaziala3rasnov.ro\/index.php\/wp-json\/wp\/v2\/types\/page"}],"author":[{"embeddable":true,"href":"https:\/\/gimnaziala3rasnov.ro\/index.php\/wp-json\/wp\/v2\/users\/1"}],"replies":[{"embeddable":true,"href":"https:\/\/gimnaziala3rasnov.ro\/index.php\/wp-json\/wp\/v2\/comments?post=23"}],"version-history":[{"count":2,"href":"https:\/\/gimnaziala3rasnov.ro\/index.php\/wp-json\/wp\/v2\/pages\/23\/revisions"}],"predecessor-version":[{"id":83,"href":"https:\/\/gimnaziala3rasnov.ro\/index.php\/wp-json\/wp\/v2\/pages\/23\/revisions\/83"}],"wp:attachment":[{"href":"https:\/\/gimnaziala3rasnov.ro\/index.php\/wp-json\/wp\/v2\/media?parent=23"}],"curies":[{"name":"wp","href":"https:\/\/api.w.org\/{rel}","templated":true}]}}